{"id":6132,"date":"2019-03-14T10:40:00","date_gmt":"2019-03-14T10:40:00","guid":{"rendered":"https:\/\/mdl.lu\/cms\/?page_id=6132"},"modified":"2025-03-06T13:06:27","modified_gmt":"2025-03-06T13:06:27","slug":"cour-de-recreation-a-la-maternelle-extension-du-parc-et-cour-prescolaire-lamadelaine","status":"publish","type":"page","link":"https:\/\/mdl.lu\/cms\/fr\/cour-de-recreation-a-la-maternelle-extension-du-parc-et-cour-prescolaire-lamadelaine\/","title":{"rendered":"Cour de r\u00e9cr\u00e9ation \u00e0 la maternelle &#8211; Extension du parc et cour pr\u00e9scolaire, Lamadelaine"},"content":{"rendered":"\n\n\n\n<\/p>\n<\/p>\n","protected":false},"excerpt":{"rendered":"","protected":false},"author":1,"featured_media":0,"parent":0,"menu_order":0,"comment_status":"closed","ping_status":"closed","template":"","meta":{"footnotes":""},"class_list":["post-6132","page","type-page","status-publish","hentry"],"_links":{"self":[{"href":"https:\/\/mdl.lu\/cms\/wp-json\/wp\/v2\/pages\/6132","targetHints":{"allow":["GET"]}}],"collection":[{"href":"https:\/\/mdl.lu\/cms\/wp-json\/wp\/v2\/pages"}],"about":[{"href":"https:\/\/mdl.lu\/cms\/wp-json\/wp\/v2\/types\/page"}],"author":[{"embeddable":true,"href":"https:\/\/mdl.lu\/cms\/wp-json\/wp\/v2\/users\/1"}],"replies":[{"embeddable":true,"href":"https:\/\/mdl.lu\/cms\/wp-json\/wp\/v2\/comments?post=6132"}],"version-history":[{"count":5,"href":"https:\/\/mdl.lu\/cms\/wp-json\/wp\/v2\/pages\/6132\/revisions"}],"predecessor-version":[{"id":7969,"href":"https:\/\/mdl.lu\/cms\/wp-json\/wp\/v2\/pages\/6132\/revisions\/7969"}],"wp:attachment":[{"href":"https:\/\/mdl.lu\/cms\/wp-json\/wp\/v2\/media?parent=6132"}],"curies":[{"name":"wp","href":"https:\/\/api.w.org\/{rel}","templated":true}]}}